What is the units digit of d(p)?
2
Suppose 0 = 5*x + 26 - 11. Let o = x + 6. What is the units digit of o?
3
Let s(t) = -232*t - 8 + 2 + 227*t. Let j(z) = -2*z + 10. Let n be j(7). What is the units digit of s(n)?
4
Let i be 0 - (-4 - -3) - -3. What is the tens digit of (i - 3) + -3 + 13?
1
Let o = 9 + -7. Suppose -o*s + 17 = 1. What is the units digit of s?
8
Suppose 0*h = -4*h + 12, 3*h + 42 = v. Suppose b + 6*l = 2*l + 32, 3*b = -3*l + v. What is the tens digit of b?
1
Suppose 3*g = -2*g + 15. Suppose -2*t = -3*t + 25. Suppose -3*r + t = 5*d, 3*d - 22 - 5 = -g*r. What is the units digit of r?
0
Let j = 0 + 20. Suppose -2*t - j = -5*x, 5*x - 5 = 5*t + 15. Suppose 4*q + 4*m = t, 0*m - m = -3*q + 16. What is the units digit of q?
4
Let h be (2/6)/(3/(-9)). Let a = 6 - h. What is the units digit of a?
7
Suppose 4*p + l = -l, 0 = 3*p + l - 2. Suppose -3*s + 48 = -3*a, -8 = p*a - 2. What is the units digit of s?
3
Suppose -4*f = -2*f - 100. Suppose -2*z + f = -0*z. What is the tens digit of z?
2
What is the units digit of 10/6 - (-187)/3?
4
Let j = 6 + -13. Let o be (-2)/j + 2/(-7). Suppose -4*i - 8 + 44 = o. What is the units digit of i?
9
Suppose 5*f - l - 11 = 0, -f - 7*l + 2*l = 3. Suppose -2 = -y + f. Suppose -j = j - y. What is the units digit of j?
2
Suppose 3*w + 50 - 299 = 0. What is the units digit of w?
3
Suppose -7*w + 246 = -w. What is the units digit of w?
1
Let k(n) = 3*n**2 - 3*n - 17. What is the units digit of k(5)?
3
Let a = -8 - -10. Suppose -a*w + 5 = 5*g - 7, -4*g + 14 = 2*w. What is the units digit of w?
1
Let d(l) = 3*l - 7. What is the tens digit of d(9)?
2
Let h(f) = 11*f - 7. Let i(l) = -5*l + 4. Let y(c) = 3*h(c) + 5*i(c). What is the tens digit of y(3)?
2
Suppose -4*q + 2 + 2 = 0. Let x = 10 - q. What is the units digit of x?
9
Let j be 20 - ((-12)/(-3) + -1). Let k = j + -6. Suppose s - 2*s + k = 0. What is the tens digit of s?
1
Let g = 30 - 45. What is the units digit of (-2)/(-6) + (-55)/g?
4
Let o be 2 + 1 + -1*1. Let k be 2/12 + 51/18. Suppose -k*a + 2*a + 3*r = -8, -4*a = -o*r - 22. What is the units digit of a?
5
Let s(u) = u**3 - 3*u**2 - 4*u. Let i be s(4). What is the tens digit of 2 + (i - 1) - -9?
1
Let m(b) = b + 5. Let i be m(-3). Suppose 2*j + 3*d = 71, -3*j - i*j + 186 = -d. What is the units digit of j?
7
Let h = -2 - 7. Let x be (0 + (-3)/9)*h. What is the units digit of x/2*8/3?
4
Let i be -2 - (-16 - 1) - 0. Suppose 6*k - 2*k - 5*g - 112 = 0, -k - 4*g = -49. Let y = k - i. What is the tens digit of y?
1
Suppose 0 = 2*a - 32 - 108. Let h(b) = 5*b - 2. Let x be h(1). Suppose 0 = 3*j + x*r - r - 49, 4*j - 2*r = a. What is the units digit of j?
7
What is the tens digit of 266/18 + (-6)/(-27)?
1
Let b be -4*(-1 - (-3)/(-12)). Suppose -2*s = 4*q - 2, -4 - 23 = q - b*s. What is the tens digit of q/5 - 114/(-10)?
1
Let f be (2 - -1)/((-12)/(-8)). Let t be -27*((2 - 5) + f). Let w = 45 - t. What is the tens digit of w?
1
Suppose 3*i = 7*i + 4*v - 196, -i = -v - 59. Suppose q + q = -4*b + i, -q + 25 = 3*b. What is the units digit of q?
1
Let z = -1 + 29. What is the tens digit of z?
2
Suppose 0*l = -l + 4. Suppose -p - 3*y + 39 = l*p, p - 5*y - 19 = 0. What is the units digit of p?
9
What is the tens digit of (-6)/33 - (-686)/22?
3
Suppose -47*n + 45*n + 54 = 0. What is the tens digit of n?
2
Let l(a) = 3*a - 2 - a**2 - 4*a + 6. What is the units digit of l(0)?
4
Suppose 5*f - c - 56 = 0, 3*c + 29 = 3*f + 5. What is the tens digit of f?
1
Let d(c) = 3*c - 4. Let o be d(3). Suppose -o*v = -2*b - 20, 8*b = -4*v + 4*b + 16. Suppose -38 + 6 = -v*n. What is the units digit of n?
8
Suppose -5*q - 32 + 97 = 0. Let c(h) = -h + 7. Let r(u) = -2*u + 15. Let g(k) = q*c(k) - 6*r(k). What is the units digit of g(-12)?
3
Let y(q) = q + 7*q**2 - 5*q**3 + 8*q**3 + 13 - 4*q**3. What is the units digit of y(6)?
5
Let d(x) be the third derivative of 11*x**4/24 + x**3/3 - 5*x**2. What is the units digit of d(2)?
4
Let h = 20 - 14. What is the units digit of h?
6
Let n(x) = 2*x**3 + 14*x**2 + 14*x + 2. Let y(o) = -o**3 + o**2 + o. Let r(a) = -n(a) - y(a). What is the tens digit of r(-14)?
1
Let p = 0 - -6. What is the units digit of p?
6
Let u(n) = n**2 + 6*n. Let m be u(-6). Suppose -w - 4*b - 5 - 9 = m, b - 1 = -w. What is the units digit of w?
6
Suppose 2*r = 2*y + 16, -2*y = 4*r + r - 19. Suppose 0 = 2*m + 5*i - 33, 0 = r*m - 5*i + i - 33. What is the units digit of m?
9
Let s = -42 - -97. What is the tens digit of s?
5
Let a = 46 + 29. What is the tens digit of a?
7
Let a(i) = -7*i + 1. Let u(s) = -3*s. Let x(l) = -2*a(l) + 5*u(l). What is the units digit of x(-9)?
7
Let s(h) = -5*h - 23. What is the units digit of s(-10)?
7
What is the units digit of (-210)/((-2)/1) + -4?
1
Let j(o) be the second derivative of -o**4/12 - o**3 + 2*o**2 - 2*o. Let a be j(-6). What is the units digit of 15*(-3)/(1 - a)?
5
Let c = 6 + -4. Let z = c + -5. Let t = 9 - z. What is the tens digit of t?
1
Let o(h) = 3*h**2 - 4*h. What is the units digit of o(8)?
0
Suppose 6*b = 3*b + 105. Suppose -5*l = -0*l - b. What is the units digit of l?
7
Suppose -133 = -2*b + 3. What is the tens digit of b?
6
Suppose -3*d = -4*d + 1. Let y(w) = 22*w**3 + 2*w**2 - w. What is the tens digit of y(d)?
2
Suppose -t + 0 + 4 = 2*h, -t - 17 = -5*h. Let v be t/(((-3)/(-6))/(-1)). Suppose 6 = 4*i - 2, v*o + 3*i - 14 = 0. What is the units digit of o?
2
What is the units digit of (-134)/3*(-27)/18?
7
Let x(b) = 2*b. Let s be x(1). What is the tens digit of (0 + s)/((-4)/(-22))?
1
Let i(s) = -s**3 + 10*s**2 - 6*s + 5. What is the tens digit of i(4)?
7
Let p(a) = -6 - 11 + 16 + 6*a - 6. What is the units digit of p(5)?
3
Let z(b) = -b**3 - 4*b**2 - 5*b - 4. Let h be z(-3). Suppose 2*a + h*k - 12 = 0, -3*k + 21 = -2*a + 6*a. What is the units digit of a?
3
Let o(x) = x. Let a be o(0). Suppose a = t + 2*t - 33. What is the tens digit of t?
1
Suppose 2*l = -6, -3*j - 3*l = -j - 1. Suppose -j*z = -1 - 4. What is the units digit of z?
1
Let f be (-2 + 1 - 3)/(-1). Suppose -f*h - 1 + 37 = 0. Suppose a = m + 2*a - 5, -3*m + h = a. What is the units digit of m?
2
Suppose 2*h - 70 = 2. What is the tens digit of h?
3
Let o(k) = 2*k**3 - 8*k**2 + 4*k - 5. Let m be o(5). Suppose 6*n - m = n. What is the units digit of n?
3
Suppose -5*x + 155 = -0*k + 5*k, -110 = -4*x + 3*k. What is the units digit of x?
9
Suppose 2*b + 10 = 0, 44 - 11 = -2*m - 5*b. What is the units digit of m/6*(-627)/22?
9
Let z = -11 + 15. Suppose z*c = 0, -4 - 66 = -5*n + c. What is the units digit of n?
4
Let h(u) = u + 5. Suppose 4*s + 3*d - 37 + 5 = 0, 3*s + d = 19. Let n = 0 + s. What is the units digit of h(n)?
0
Let q be (-1 - -5) + -1 - 1. Suppose q*o - 3*l = -l + 22, -9 = -o + 3*l. What is the units digit of o?
2
Let v(u) = -2*u + 8. Let j be v(-8). Let l be -6*1*4/(-6). Suppose l*k - j = 2*k. What is the units digit of k?
2
Suppose -p + 80 = -6*p. What is the units digit of (1 + 0)/((-2)/p)?
8
Suppose 0 = n + 2*n. Suppose i - 13 = -n*i. Suppose -i = -2*y - 3. What is the units digit of y?
5
What is the units digit of 4/16*6*10?
5
Suppose -q + 5 - 11 = -3*k, 0 = 5*q + 5*k + 10. Let z = 10 - -1. Let s = q + z. What is the units digit of s?
8
Suppose 33 + 27 = 4*y. What is the tens digit of y?
1
Suppose -5*w + 225 = -75. What is the units digit of w?
0
Let l(m) = -m - 4*m + 2*m + 5*m. Suppose 7 = 3*d - 2. What is the units digit of l(d)?
6
Let d be -2 + 0 + (-15 - -15). Let t(h) = 3*h**2. Let u be t(1). Let w = u + d. What is the units digit of w?
1
Suppose 5*a = -4 + 14. Let v(q) = a - 2 - q**3 - 3*q**2 + 2*q + 3*q**3. What is the units digit of v(2)?
8
Let c = 129 + 171. What is the units digit of c?
0
Let f(t) = t**2 + t + 8. Suppose 0*j = -3*j. What is the units digit of f(j)?
8
Let j(z) = z**2 + 2*z + 3. Let r = -6 + 1. What is the tens digit of j(r)?
1
Let g(j) = 4*j + 73. What is the units digit of g(-17)?
5
Suppose 4*a + 152 = -2*h + 6*h, 0 = -2*a. What is the units digit of h?
8
Let w(j) = j**2 - 4*j + 3. Let a be w(4). Suppose 2*z + 8 = -0*z + a*f, 4*f = -5*z + 26. What is the units digit of z + (0 - 1 - 0)?
1
Suppose -5*p = -2*a + 1, 0*a - 5*p = a - 23. What is the tens digit of ((-10)/a)/(6/(-240))?
5
Suppose -6*w - 85 + 1201 = 0. What is the hundreds digit of w?
1
Let o be -2*(-1 + (1 - 2